{"id":3213,"date":"2022-06-30T21:42:20","date_gmt":"2022-06-30T21:42:20","guid":{"rendered":"https:\/\/activebyserenity.com\/algarve\/?post_type=product&#038;p=3213"},"modified":"2024-01-03T11:00:47","modified_gmt":"2024-01-03T11:00:47","slug":"adultos-single","status":"publish","type":"product","link":"https:\/\/activebyserenity.com\/algarve\/adultos-single","title":{"rendered":"Adultos"},"content":{"rendered":"<p>Iniciar a nata\u00e7\u00e3o ou aperfei\u00e7oar a t\u00e9cnica, com a exclusividade de um instrutor que acompanhar\u00e1 e ajudar\u00e1 na tua evolu\u00e7\u00e3o.<\/p>\n","protected":false},"excerpt":{"rendered":"<p><a href=\"https:\/\/www.google.pt\">View Program<\/a><\/p>\n","protected":false},"featured_media":0,"comment_status":"open","ping_status":"closed","template":"","meta":{"inline_featured_image":false},"product_cat":[71],"product_tag":[85],"class_list":{"0":"post-3213","1":"product","2":"type-product","3":"status-publish","5":"product_cat-swimming-lessons","6":"product_tag-pt","8":"first","9":"instock","10":"shipping-taxable","11":"purchasable","12":"product-type-variable"},"yoast_head":"<!-- This site is optimized with the Yoast SEO plugin v24.4 - https:\/\/yoast.com\/wordpress\/plugins\/seo\/ -->\n<title>Adultos - Active - Algarve<\/title>\n<meta name=\"robots\" content=\"index, follow, max-snippet:-1, max-image-preview:large, max-video-preview:-1\" \/>\n<link rel=\"canonical\" href=\"https:\/\/activebyserenity.com\/algarve\/adultos-single\" \/>\n<meta property=\"og:locale\" content=\"en_US\" \/>\n<meta property=\"og:type\" content=\"article\" \/>\n<meta property=\"og:title\" content=\"Adultos - Active - Algarve\" \/>\n<meta property=\"og:description\" content=\"View Program\" \/>\n<meta property=\"og:url\" content=\"https:\/\/activebyserenity.com\/algarve\/adultos-single\" \/>\n<meta property=\"og:site_name\" content=\"Active - Algarve\" \/>\n<meta property=\"article:modified_time\" content=\"2024-01-03T11:00:47+00:00\" \/>\n<meta name=\"twitter:card\" content=\"summary_large_image\" \/>\n<meta name=\"twitter:label1\" content=\"Est. reading time\" \/>\n\t<meta name=\"twitter:data1\" content=\"1 minute\" \/>\n<script type=\"application\/ld+json\" class=\"yoast-schema-graph\">{\"@context\":\"https:\/\/schema.org\",\"@graph\":[{\"@type\":\"WebPage\",\"@id\":\"https:\/\/activebyserenity.com\/algarve\/adultos-single\",\"url\":\"https:\/\/activebyserenity.com\/algarve\/adultos-single\",\"name\":\"Adultos - Active - Algarve\",\"isPartOf\":{\"@id\":\"https:\/\/activebyserenity.com\/algarve\/#website\"},\"datePublished\":\"2022-06-30T21:42:20+00:00\",\"dateModified\":\"2024-01-03T11:00:47+00:00\",\"breadcrumb\":{\"@id\":\"https:\/\/activebyserenity.com\/algarve\/adultos-single#breadcrumb\"},\"inLanguage\":\"en-US\",\"potentialAction\":[{\"@type\":\"ReadAction\",\"target\":[\"https:\/\/activebyserenity.com\/algarve\/adultos-single\"]}]},{\"@type\":\"BreadcrumbList\",\"@id\":\"https:\/\/activebyserenity.com\/algarve\/adultos-single#breadcrumb\",\"itemListElement\":[{\"@type\":\"ListItem\",\"position\":1,\"name\":\"Shop\",\"item\":\"https:\/\/activebyserenity.com\/algarve\/shop\/\"},{\"@type\":\"ListItem\",\"position\":2,\"name\":\"Adultos\"}]},{\"@type\":\"WebSite\",\"@id\":\"https:\/\/activebyserenity.com\/algarve\/#website\",\"url\":\"https:\/\/activebyserenity.com\/algarve\/\",\"name\":\"Active - Algarve\",\"description\":\"by Serenity\",\"publisher\":{\"@id\":\"https:\/\/activebyserenity.com\/algarve\/#organization\"},\"potentialAction\":[{\"@type\":\"SearchAction\",\"target\":{\"@type\":\"EntryPoint\",\"urlTemplate\":\"https:\/\/activebyserenity.com\/algarve\/?s={search_term_string}\"},\"query-input\":{\"@type\":\"PropertyValueSpecification\",\"valueRequired\":true,\"valueName\":\"search_term_string\"}}],\"inLanguage\":\"en-US\"},{\"@type\":\"Organization\",\"@id\":\"https:\/\/activebyserenity.com\/algarve\/#organization\",\"name\":\"Active - Algarve\",\"url\":\"https:\/\/activebyserenity.com\/algarve\/\",\"logo\":{\"@type\":\"ImageObject\",\"inLanguage\":\"en-US\",\"@id\":\"https:\/\/activebyserenity.com\/algarve\/#\/schema\/logo\/image\/\",\"url\":\"https:\/\/activebyserenity.com\/algarve\/wp-content\/uploads\/sites\/2\/2022\/06\/Logo-ACTIVE-white.svg\",\"contentUrl\":\"https:\/\/activebyserenity.com\/algarve\/wp-content\/uploads\/sites\/2\/2022\/06\/Logo-ACTIVE-white.svg\",\"width\":226,\"height\":68,\"caption\":\"Active - Algarve\"},\"image\":{\"@id\":\"https:\/\/activebyserenity.com\/algarve\/#\/schema\/logo\/image\/\"}}]}<\/script>\n<!-- \/ Yoast SEO plugin. -->","yoast_head_json":{"title":"Adultos - Active - Algarve","robots":{"index":"index","follow":"follow","max-snippet":"max-snippet:-1","max-image-preview":"max-image-preview:large","max-video-preview":"max-video-preview:-1"},"canonical":"https:\/\/activebyserenity.com\/algarve\/adultos-single","og_locale":"en_US","og_type":"article","og_title":"Adultos - Active - Algarve","og_description":"View Program","og_url":"https:\/\/activebyserenity.com\/algarve\/adultos-single","og_site_name":"Active - Algarve","article_modified_time":"2024-01-03T11:00:47+00:00","twitter_card":"summary_large_image","twitter_misc":{"Est. reading time":"1 minute"},"schema":{"@context":"https:\/\/schema.org","@graph":[{"@type":"WebPage","@id":"https:\/\/activebyserenity.com\/algarve\/adultos-single","url":"https:\/\/activebyserenity.com\/algarve\/adultos-single","name":"Adultos - Active - Algarve","isPartOf":{"@id":"https:\/\/activebyserenity.com\/algarve\/#website"},"datePublished":"2022-06-30T21:42:20+00:00","dateModified":"2024-01-03T11:00:47+00:00","breadcrumb":{"@id":"https:\/\/activebyserenity.com\/algarve\/adultos-single#breadcrumb"},"inLanguage":"en-US","potentialAction":[{"@type":"ReadAction","target":["https:\/\/activebyserenity.com\/algarve\/adultos-single"]}]},{"@type":"BreadcrumbList","@id":"https:\/\/activebyserenity.com\/algarve\/adultos-single#breadcrumb","itemListElement":[{"@type":"ListItem","position":1,"name":"Shop","item":"https:\/\/activebyserenity.com\/algarve\/shop\/"},{"@type":"ListItem","position":2,"name":"Adultos"}]},{"@type":"WebSite","@id":"https:\/\/activebyserenity.com\/algarve\/#website","url":"https:\/\/activebyserenity.com\/algarve\/","name":"Active - Algarve","description":"by Serenity","publisher":{"@id":"https:\/\/activebyserenity.com\/algarve\/#organization"},"potentialAction":[{"@type":"SearchAction","target":{"@type":"EntryPoint","urlTemplate":"https:\/\/activebyserenity.com\/algarve\/?s={search_term_string}"},"query-input":{"@type":"PropertyValueSpecification","valueRequired":true,"valueName":"search_term_string"}}],"inLanguage":"en-US"},{"@type":"Organization","@id":"https:\/\/activebyserenity.com\/algarve\/#organization","name":"Active - Algarve","url":"https:\/\/activebyserenity.com\/algarve\/","logo":{"@type":"ImageObject","inLanguage":"en-US","@id":"https:\/\/activebyserenity.com\/algarve\/#\/schema\/logo\/image\/","url":"https:\/\/activebyserenity.com\/algarve\/wp-content\/uploads\/sites\/2\/2022\/06\/Logo-ACTIVE-white.svg","contentUrl":"https:\/\/activebyserenity.com\/algarve\/wp-content\/uploads\/sites\/2\/2022\/06\/Logo-ACTIVE-white.svg","width":226,"height":68,"caption":"Active - Algarve"},"image":{"@id":"https:\/\/activebyserenity.com\/algarve\/#\/schema\/logo\/image\/"}}]}},"_links":{"self":[{"href":"https:\/\/activebyserenity.com\/algarve\/wp-json\/wp\/v2\/product\/3213","targetHints":{"allow":["GET"]}}],"collection":[{"href":"https:\/\/activebyserenity.com\/algarve\/wp-json\/wp\/v2\/product"}],"about":[{"href":"https:\/\/activebyserenity.com\/algarve\/wp-json\/wp\/v2\/types\/product"}],"replies":[{"embeddable":true,"href":"https:\/\/activebyserenity.com\/algarve\/wp-json\/wp\/v2\/comments?post=3213"}],"wp:attachment":[{"href":"https:\/\/activebyserenity.com\/algarve\/wp-json\/wp\/v2\/media?parent=3213"}],"wp:term":[{"taxonomy":"product_cat","embeddable":true,"href":"https:\/\/activebyserenity.com\/algarve\/wp-json\/wp\/v2\/product_cat?post=3213"},{"taxonomy":"product_tag","embeddable":true,"href":"https:\/\/activebyserenity.com\/algarve\/wp-json\/wp\/v2\/product_tag?post=3213"}],"curies":[{"name":"wp","href":"https:\/\/api.w.org\/{rel}","templated":true}]}}